uppose 0 = a + v - 36. What is the highest common divisor of z and a?
4
Let z = -34 + 45. Let d = 4 - 0. Suppose -f = -2*a - a - 19, f - d*a - 18 = 0. Calculate the greatest common factor of f and z.
11
Let j be 7800/26*(4 - (3 + 0)). What is the greatest common divisor of j and 400?
100
Let p be (2/6)/((-1)/(-42)). Let t = p - 14. Suppose t = -4*w + 18 + 50. Calculate the greatest common factor of 119 and w.
17
Suppose 5*s - 408 = k, 6*k - 4*k = 3*s - 249. Let b = -110 + 155. Suppose -6*h + b = -h. Calculate the greatest common divisor of h and s.
9
Suppose -v = -5*s + 12, 3*v - 5*s - 7 + 3 = 0. Suppose v*w - 82 = 6*w. Calculate the greatest common divisor of 82 and w.
41
Let i be 10/(-4)*(-120)/75. Suppose -i*h + 47 = -17. Let m be 2 + 48/(-84)*7/(-2). What is the greatest common factor of m and h?
4
Suppose -20 = 23*x - 24*x. Suppose -4*u = 5*k - 0*u - 70, -4*u - x = 0. Let t = 34 - 16. Calculate the highest common divisor of t and k.
18
Suppose 0 = -4*p - 5 - 3. Let c be ((-43)/1 + p)/(-1). Let y be 6/(3 - 6) - -17. Calculate the highest common factor of y and c.
15
Let u(i) = i**2 - 3*i + 2. Let p = -54 - -47. Let v be u(p). What is the highest common divisor of v and 36?
36
Suppose -4*d + 601 = -57*a + 62*a, -4*d - a = -613. Calculate the highest common divisor of 224 and d.
14
Let t = 44 - 26. Let m be ((-16)/(-4) - 5) + 5. Suppose 0 = -10*y + m*y + 12. What is the highest common divisor of y and t?
2
Let k(a) = 13*a + 8. Let c be k(0). What is the greatest common divisor of c and 256?
8
Let a = -59 - -63. Let v be (4 - 2)*2/a. Calculate the highest common factor of 1 and v.
1
Suppose 17*v = 21*v - 104. What is the highest common factor of v and 39?
13
Let l(q) = q**3 - 19*q**2 + 6*q - 42. Let p be l(19). What is the highest common factor of p and 90?
18
Let m = -533 + 557. Calculate the greatest common divisor of 588 and m.
12
Suppose -96 = -4*g + 2*u + 100, -3*u - 54 = -g. What is the greatest common factor of g and 12?
12
Let g = -757 - -1297. Calculate the greatest common divisor of 108 and g.
108
Let m = -455 + 702. Calculate the highest common factor of m and 19.
19
Suppose 3*p - 366 = -114. What is the greatest common divisor of 28 and p?
28
Let r(v) = -15*v - 4. Let l be r(3). Let a = l + 99. Suppose 0 = 4*h - a - 10. Calculate the highest common factor of 135 and h.
15
Let k = 139 + -197. Let i = 64 + k. Calculate the greatest common divisor of i and 6.
6
Let v = -362 + 364. Calculate the highest common factor of v and 336.
2
Let j be (-86 + 3)*(2 - (3 + -2)). Let m = j - -89. Let r(o) = o**2 - 7*o - 3. Let a be r(9). Calculate the greatest common factor of a and m.
3
Suppose 0 = -21*t + 23*t - 6. Let z be 3 + (4 + (-18)/t)/2. What is the highest common factor of z and 5?
1
Let p(o) = -2*o**3 - 2011 + 2019 + 3*o**3 - 9*o**2 + 3*o. Let a be p(9). Calculate the highest common factor of a and 7.
7
Let a be 2*((2 - 4) + 10 + 36). What is the greatest common divisor of a and 2?
2
Let l = 1 + 1. Let n(j) = 0*j**2 - 2*j - j**2 - 2 - 3*j + 0*j**l. Let x be n(-3). What is the highest common divisor of x and 28?
4
Suppose -2*v - 5*w = 5 - 1, -4*v + 4*w = -20. What is the greatest common factor of 93 and v?
3
Let r(q) = -q**2 + 10*q - 11. Let u = -31 - -38. Let p be r(u). What is the greatest common divisor of 4 and p?
2
Let c be -18*(4*4/16 + -9). Calculate the highest common factor of 90 and c.
18
Let y be (-608)/(-38)*(1 + 180/16). What is the highest common divisor of 252 and y?
28
Let g be (-1)/(387/(-126) - (-3 - 0)). Let q(f) = -f**3 - 5*f**2 - f + 14. Let k be q(-6). What is the greatest common factor of k and g?
14
Let h be (-6)/(-15) + 6/(-15). Suppose h = 4*c - 3*j + 6*j - 358, -354 = -4*c - j. What is the highest common factor of 8 and c?
8
Let q = 3209 + -3167. Let m = 665 - 455. Calculate the greatest common divisor of q and m.
42
Let w be 1 + 2 + 7152/24. Calculate the greatest common factor of w and 43.
43
Suppose 3888 = 42*i - 18*i. Calculate the highest common factor of i and 891.
81
Let m = 427 + -286. Suppose m = -5*g + 861. Let w be (-1)/((1/(-18))/1). Calculate the greatest common divisor of w and g.
18
Let x(s) = s**3 - 13*s**2 + 40*s - 65. Let u be x(10). Calculate the greatest common divisor of 119 and u.
7
Let m be ((-16)/20)/((-2)/75). Let u = 314 + -294. Calculate the greatest common factor of u and m.
10
Suppose -2*o + o + 205 = 0. Let x = o + -101. What is the highest common divisor of 26 and x?
26
Let f be 7/((-14)/(-6)) - (-1 - -4). Suppose 2*t + 4*w + 2 = -f*t, 0 = -t - 4*w - 9. What is the greatest common divisor of 1 and t?
1
Let m = -7 + -23. Let l = 51 + m. Suppose -4*t + 58 = b, -t + 1 = 4*b - l. Calculate the greatest common divisor of t and 126.
14
Let x = 466 + -458. What is the greatest common divisor of 72 and x?
8
Let h(q) = 2*q**2 - 30*q - 2. Let y be h(13). Let r = 76 + y. What is the greatest common factor of r and 2?
2
Let c(n) = -5*n + 6. Let o be c(11). Let h = o + 101. Suppose -p = -2*d + 28 + h, -3*d + 120 = -3*p. What is the greatest common factor of 5 and d?
5
Suppose b - 5*b + 68 = 2*j, 2*j - b = 73. Calculate the highest common divisor of 144 and j.
36
Suppose b + 467 = -2*j + 5*j, 2*b = -10. What is the greatest common factor of 42 and j?
14
Let o(a) = a**3 - 31*a**2 + 33*a + 66. Let g be o(30). What is the highest common factor of 12 and g?
12
Let u = 929 + -903. Suppose -6*y + 2*y = -2*h, -2*y = -4. Suppose 0*i = -h*p - 2*i + 214, 162 = 3*p + 2*i. Calculate the highest common divisor of u and p.
26
Let r(o) = -28*o**2 + o - 2. Let u(p) = -84*p**2 + 3*p - 7. Let i(f) = -7*r(f) + 2*u(f). Let z be i(1). Calculate the highest common factor of z and 18.
9
Let q(a) = -2*a**3 + 2*a**2 - 15. Let n be q(-3). What is the highest common factor of n and 627?
57
Let x(g) = -g**2 - 19*g - 34. Let b be x(-14). Calculate the greatest common divisor of 108 and b.
36
Suppose 0 = -3*t + 4*t - 3*d + 6, -t - 16 = -5*d. Let g = -192 + 201. What is the highest common factor of g and t?
9
Suppose 15*v - 10*v = -5*l + 1650, -5*l - 318 = -v. Calculate the highest common divisor of 41 and v.
41
Let n be 4*(2 + (-124)/(-4) - 3). Let h be 1*2/2*-2 + 26. What is the greatest common divisor of h and n?
24
Suppose -5*z = -2*s + 13, -2*s + 12 = -2*z + 2. Let p = 8 - s. Suppose -p + 36 = 4*g. What is the greatest common divisor of g and 32?
8
Let p be -5*((-17)/5 + 3). Let o be 18*p*(-20)/(-12). Calculate the highest common factor of 12 and o.
12
Let q be 8/3*138/8. Suppose 5*p + y = q, -2*p + 42 = 3*p - 3*y. Suppose 4*i - 2*j = 316, -2*i + 2*j + 152 = -2. What is the highest common divisor of i and p?
9
Suppose -n + 3*v - 88 = 0, -391 = 4*n - 3*v - 30. Let j = -147 + 17. Let y = n - j. What is the highest common factor of y and 26?
13
Suppose -8*q + 529 + 1143 = 0. What is the highest common factor of 19 and q?
19
Let d(g) = 223*g**3 + g**2 - g + 1. Suppose 2*z - 2 = -0*z. Let y be d(z). What is the highest common factor of 32 and y?
32
Let j(f) = -10 - f + 8 + 7. Let w be j(0). Suppose -w*m + 6*m - 8 = 0. Calculate the greatest common factor of 16 and m.
8
Let h be (-3)/(3/(-47)) - (-7 + 7). Suppose -2*g - h = -o + g, g = -4*o + 162. Calculate the highest common factor of o and 41.
41
Suppose 0*q + 2*q - 30 = 0. Suppose -q = j - 37. Suppose -4*x = -4*y - 8, 4*x - 10 + 2 = -3*y. What is the greatest common divisor of j and x?
2
Suppose 0 = 8*g - 11944 + 1280. What is the highest common factor of 31 and g?
31
Suppose 2*c + 2*m + 228 - 8 = 0, 3*m + 215 = -2*c. Let i = c - -199. Calculate the greatest common factor of 210 and i.
42
Suppose n + 2 = h - 3*n, -4*h - 87 = 3*n. Let c be (h/(-2 - 0))/1. Suppose 68 - 8 = 10*g. Calculate the highest common factor of c and g.
3
Let g(x) = x**2 + 26*x - 6. Let o be g(-27). Calculate the highest common divisor of 7 and o.
7
Let m = -528 + 616. What is the highest common divisor of m and 11?
11
Suppose k = -2 - 3. Let w be (7/(-4))/(k/40). What is the highest common divisor of 70 and w?
14
Let b = -415 + 430. Calculate the highest common divisor of b and 255.
15
Suppose 3704 - 714 = 10*d. Calculate the greatest common divisor of 117 and d.
13
Let s = 245 - 125. Calculate the greatest common factor of 30 and s.
30
Let r be (-10)/(-6) - 1/(-3). Let l be r/(-7) - (-930)/21. W